{"id":12992,"date":"2023-08-28T09:22:37","date_gmt":"2023-08-28T07:22:37","guid":{"rendered":"https:\/\/fransbrood.com\/?post_type=group&#038;p=12992"},"modified":"2025-10-23T14:26:34","modified_gmt":"2025-10-23T12:26:34","slug":"rosas","status":"publish","type":"group","link":"https:\/\/fransbrood.com\/fr\/groups\/rosas\/","title":{"rendered":"Rosas"},"content":{"rendered":"\n<p><em>Rosas<\/em>, compagnie de la chor\u00e9graphe et danseuse <strong>Anne Teresa De Keersmaeker<\/strong>, a \u00e9t\u00e9 fond\u00e9e en 1983 lors de la cr\u00e9ation de la pi\u00e8ce&nbsp;<em>Rosas danst Rosas<\/em>. Depuis ses d\u00e9buts en 1982 avec&nbsp;<em>Fase, Four Movements to the Music of Steve Reich<\/em>, Anne Teresa De Keersmaeker est engag\u00e9e dans une recherche rigoureuse sur le mouvement et ses articulations, en d\u00e9ployant un spectre qui va de la simplicit\u00e9 de l\u2019\u00e9pure aux organisations les plus complexes. Au coeur de son travail : la relation entre mouvement et musique. Le projet de Rosas est de conduire l&rsquo;art chor\u00e9graphique vers un acte d&rsquo;\u00e9criture du mouvement dans l&rsquo;espace et le temps, en y associant d&rsquo;autres forces de composition telles que la musique, la g\u00e9om\u00e9trie, les arts visuels ou textuels. La rencontre avec ces disciplines et leurs praticiens \u2014 musiciens, compositeurs, plasticiens, acteurs et \u00e9crivains \u2014 a donn\u00e9 lieu \u00e0 d&rsquo;importantes collaborations qui ont balis\u00e9 le chemin cr\u00e9atif de la compagnie.<\/p>\n\n\n\n<p>Le&nbsp;travail de Rosas ne se limite pas \u00e0 la cr\u00e9ation de nouveaux spectacles ; la compagnie cultive et fait tourner son r\u00e9pertoire \u2014 qui couvre une p\u00e9riode de plus de trente ann\u00e9es \u2014 et en assure l\u2019enseignement. Ainsi les oeuvres de jeunesse d\u2019Anne Teresa De Keersmaeker continuent-elles d&rsquo;\u00eatre transmises \u00e0 de nouvelles g\u00e9n\u00e9rations de danseurs et de publics. Avec une reconnaissance internationale acquise d\u00e8s les premiers spectacles de la chor\u00e9graphe, Rosas incarne une pr\u00e9sence forte et vitale dans le monde de la danse : au sein des r\u00e9pertoires d\u2019autres compagnies, dans les programmations de th\u00e9\u00e2tres, festivals, op\u00e9ras,&nbsp;espaces d&rsquo;exposition, sans oublier un riche travail d\u2019ateliers et de plates-formes p\u00e9dagogiques. Le partenariat et le soutien du th\u00e9\u00e2tre de La Monnaie\/De Munt \u2014 o\u00f9 la compagnie a re\u00e7u accueil de 1992 \u00e0 2007 \u2014 ainsi que ceux du Kaaitheater, ont encourag\u00e9 une pr\u00e9sence intensive sur la sc\u00e8ne bruxelloise. En complicit\u00e9 avec ces institutions, Rosas a initi\u00e9 de nombreux projets tels que P.A.R.T.S., Bal Moderne, WorkSpaceBrussels. Ces initiatives ont depuis lors \u00e9volu\u00e9 en organisations autonomes, laissant la place \u00e0 de nouveaux projets dans les b\u00e2timents de Rosas, tels que Dancingkids et RondOmdans.<\/p>\n\n\n\n<p>Le site de Rosas \u00e0 Bruxelles abrite une multiplicit\u00e9 d&rsquo;activit\u00e9s artistiques li\u00e9es aux arts de la sc\u00e8ne. Cet espace de travail, partag\u00e9 d\u00e8s sa cr\u00e9ation avec l\u2019\u00e9cole P.A.R.T.S. et l&rsquo;ensemble de musique contemporaine Ictus, met aujourd\u2019hui ses studios \u00e0 disponibilit\u00e9 de WorkSpaceBrussels, aux participants des Summer Studios, ainsi qu\u2019\u00e0 de nombreux autres artistes ou compagnies qui viennent y travailler. Cette circulation artistique fait de Rosas une ressource essentielle de la vie artistique bruxelloise, qui permet les plus riches rencontres entre artistes confirm\u00e9s et \u00e9mergents.<\/p>\n\n\n\n<figure class=\"wp-block-embed is-type-video is-provider-vimeo wp-block-embed-vimeo wp-embed-aspect-16-9 wp-has-aspect-ratio\"><div class=\"wp-block-embed__wrapper\">\n<iframe loading=\"lazy\" title=\"Video portrait of Anne Teresa De Keersmaeker\u2019s career | Praemium Imperiale 2025\" src=\"https:\/\/player.vimeo.com\/video\/1129853972?dnt=1&amp;app_id=122963\" width=\"500\" height=\"281\" frameborder=\"0\" allow=\"autoplay; fullscreen; picture-in-picture; clipboard-write; encrypted-media; web-share\" referrerpolicy=\"strict-origin-when-cross-origin\"><\/iframe>\n<\/div><\/figure>\n\n\n\n<p><em>Un portrait vid\u00e9o d\u2019Anne Teresa De Keersmaeker \u00e0 l\u2019occasion de sa r\u00e9ception du Praemium Imperiale 2025 pour la cat\u00e9gorie Th\u00e9\u00e2tre\/Film, souvent consid\u00e9r\u00e9 comme \u00ab\u202fPrix Nobel des Arts\u202f\u00bb.<br>Copyright: Sue Hudson \/The Japan Art Association<\/em><\/p>\n\n\n\n<p><\/p>\n","protected":false},"featured_media":17112,"parent":0,"template":"","class_list":["post-12992","group","type-group","status-publish","has-post-thumbnail","hentry"],"acf":[],"yoast_head":"<!-- This site is optimized with the Yoast SEO plugin v27.5 - https:\/\/yoast.com\/product\/yoast-seo-wordpress\/ -->\n<title>Rosas - Frans Brood Productions<\/title>\n<meta name=\"robots\" content=\"index, follow, max-snippet:-1, max-image-preview:large, max-video-preview:-1\" \/>\n<link rel=\"canonical\" href=\"https:\/\/fransbrood.com\/fr\/groups\/rosas\/\" \/>\n<meta property=\"og:locale\" content=\"fr_FR\" \/>\n<meta property=\"og:type\" content=\"article\" \/>\n<meta property=\"og:title\" content=\"Rosas - Frans Brood Productions\" \/>\n<meta property=\"og:description\" content=\"Rosas, compagnie de la chor\u00e9graphe et danseuse Anne Teresa De Keersmaeker, a \u00e9t\u00e9 fond\u00e9e en 1983 lors de la cr\u00e9ation de la pi\u00e8ce&nbsp;Rosas danst Rosas. Depuis ses d\u00e9buts en 1982 avec&nbsp;Fase, Four Movements to the Music of Steve Reich, Anne Teresa De Keersmaeker est engag\u00e9e dans une recherche rigoureuse sur le mouvement et ses articulations, &hellip; Suite\" \/>\n<meta property=\"og:url\" content=\"https:\/\/fransbrood.com\/fr\/groups\/rosas\/\" \/>\n<meta property=\"og:site_name\" content=\"Frans Brood Productions\" \/>\n<meta property=\"article:modified_time\" content=\"2025-10-23T12:26:34+00:00\" \/>\n<meta property=\"og:image\" content=\"https:\/\/fransbrood.com\/wp-content\/uploads\/2023\/08\/Anne-Teresa-De-Keersmaeker-portret-photo-by-Anne-Van-Aerschot_1.jpg\" \/>\n\t<meta property=\"og:image:width\" content=\"2677\" \/>\n\t<meta property=\"og:image:height\" content=\"4024\" \/>\n\t<meta property=\"og:image:type\" content=\"image\/jpeg\" \/>\n<meta name=\"twitter:card\" content=\"summary_large_image\" \/>\n<meta name=\"twitter:label1\" content=\"Dur\u00e9e de lecture estim\u00e9e\" \/>\n\t<meta name=\"twitter:data1\" content=\"3 minutes\" \/>\n<script type=\"application\/ld+json\" class=\"yoast-schema-graph\">{\"@context\":\"https:\\\/\\\/schema.org\",\"@graph\":[{\"@type\":\"WebPage\",\"@id\":\"https:\\\/\\\/fransbrood.com\\\/fr\\\/groups\\\/rosas\\\/\",\"url\":\"https:\\\/\\\/fransbrood.com\\\/fr\\\/groups\\\/rosas\\\/\",\"name\":\"Rosas - Frans Brood Productions\",\"isPartOf\":{\"@id\":\"https:\\\/\\\/fransbrood.com\\\/fr\\\/#website\"},\"primaryImageOfPage\":{\"@id\":\"https:\\\/\\\/fransbrood.com\\\/fr\\\/groups\\\/rosas\\\/#primaryimage\"},\"image\":{\"@id\":\"https:\\\/\\\/fransbrood.com\\\/fr\\\/groups\\\/rosas\\\/#primaryimage\"},\"thumbnailUrl\":\"https:\\\/\\\/fransbrood.com\\\/wp-content\\\/uploads\\\/2023\\\/08\\\/Anne-Teresa-De-Keersmaeker-portret-photo-by-Anne-Van-Aerschot_1.jpg\",\"datePublished\":\"2023-08-28T07:22:37+00:00\",\"dateModified\":\"2025-10-23T12:26:34+00:00\",\"breadcrumb\":{\"@id\":\"https:\\\/\\\/fransbrood.com\\\/fr\\\/groups\\\/rosas\\\/#breadcrumb\"},\"inLanguage\":\"fr-FR\",\"potentialAction\":[{\"@type\":\"ReadAction\",\"target\":[\"https:\\\/\\\/fransbrood.com\\\/fr\\\/groups\\\/rosas\\\/\"]}]},{\"@type\":\"ImageObject\",\"inLanguage\":\"fr-FR\",\"@id\":\"https:\\\/\\\/fransbrood.com\\\/fr\\\/groups\\\/rosas\\\/#primaryimage\",\"url\":\"https:\\\/\\\/fransbrood.com\\\/wp-content\\\/uploads\\\/2023\\\/08\\\/Anne-Teresa-De-Keersmaeker-portret-photo-by-Anne-Van-Aerschot_1.jpg\",\"contentUrl\":\"https:\\\/\\\/fransbrood.com\\\/wp-content\\\/uploads\\\/2023\\\/08\\\/Anne-Teresa-De-Keersmaeker-portret-photo-by-Anne-Van-Aerschot_1.jpg\",\"width\":2677,\"height\":4024},{\"@type\":\"BreadcrumbList\",\"@id\":\"https:\\\/\\\/fransbrood.com\\\/fr\\\/groups\\\/rosas\\\/#breadcrumb\",\"itemListElement\":[{\"@type\":\"ListItem\",\"position\":1,\"name\":\"Home\",\"item\":\"https:\\\/\\\/fransbrood.com\\\/fr\\\/\"},{\"@type\":\"ListItem\",\"position\":2,\"name\":\"Groups\",\"item\":\"https:\\\/\\\/fransbrood.com\\\/fr\\\/groups\\\/\"},{\"@type\":\"ListItem\",\"position\":3,\"name\":\"Rosas\"}]},{\"@type\":\"WebSite\",\"@id\":\"https:\\\/\\\/fransbrood.com\\\/fr\\\/#website\",\"url\":\"https:\\\/\\\/fransbrood.com\\\/fr\\\/\",\"name\":\"Frans Brood Productions\",\"description\":\"\",\"potentialAction\":[{\"@type\":\"SearchAction\",\"target\":{\"@type\":\"EntryPoint\",\"urlTemplate\":\"https:\\\/\\\/fransbrood.com\\\/fr\\\/?s={search_term_string}\"},\"query-input\":{\"@type\":\"PropertyValueSpecification\",\"valueRequired\":true,\"valueName\":\"search_term_string\"}}],\"inLanguage\":\"fr-FR\"}]}<\/script>\n<!-- \/ Yoast SEO plugin. -->","yoast_head_json":{"title":"Rosas - Frans Brood Productions","robots":{"index":"index","follow":"follow","max-snippet":"max-snippet:-1","max-image-preview":"max-image-preview:large","max-video-preview":"max-video-preview:-1"},"canonical":"https:\/\/fransbrood.com\/fr\/groups\/rosas\/","og_locale":"fr_FR","og_type":"article","og_title":"Rosas - Frans Brood Productions","og_description":"Rosas, compagnie de la chor\u00e9graphe et danseuse Anne Teresa De Keersmaeker, a \u00e9t\u00e9 fond\u00e9e en 1983 lors de la cr\u00e9ation de la pi\u00e8ce&nbsp;Rosas danst Rosas. Depuis ses d\u00e9buts en 1982 avec&nbsp;Fase, Four Movements to the Music of Steve Reich, Anne Teresa De Keersmaeker est engag\u00e9e dans une recherche rigoureuse sur le mouvement et ses articulations, &hellip; Suite","og_url":"https:\/\/fransbrood.com\/fr\/groups\/rosas\/","og_site_name":"Frans Brood Productions","article_modified_time":"2025-10-23T12:26:34+00:00","og_image":[{"width":2677,"height":4024,"url":"https:\/\/fransbrood.com\/wp-content\/uploads\/2023\/08\/Anne-Teresa-De-Keersmaeker-portret-photo-by-Anne-Van-Aerschot_1.jpg","type":"image\/jpeg"}],"twitter_card":"summary_large_image","twitter_misc":{"Dur\u00e9e de lecture estim\u00e9e":"3 minutes"},"schema":{"@context":"https:\/\/schema.org","@graph":[{"@type":"WebPage","@id":"https:\/\/fransbrood.com\/fr\/groups\/rosas\/","url":"https:\/\/fransbrood.com\/fr\/groups\/rosas\/","name":"Rosas - Frans Brood Productions","isPartOf":{"@id":"https:\/\/fransbrood.com\/fr\/#website"},"primaryImageOfPage":{"@id":"https:\/\/fransbrood.com\/fr\/groups\/rosas\/#primaryimage"},"image":{"@id":"https:\/\/fransbrood.com\/fr\/groups\/rosas\/#primaryimage"},"thumbnailUrl":"https:\/\/fransbrood.com\/wp-content\/uploads\/2023\/08\/Anne-Teresa-De-Keersmaeker-portret-photo-by-Anne-Van-Aerschot_1.jpg","datePublished":"2023-08-28T07:22:37+00:00","dateModified":"2025-10-23T12:26:34+00:00","breadcrumb":{"@id":"https:\/\/fransbrood.com\/fr\/groups\/rosas\/#breadcrumb"},"inLanguage":"fr-FR","potentialAction":[{"@type":"ReadAction","target":["https:\/\/fransbrood.com\/fr\/groups\/rosas\/"]}]},{"@type":"ImageObject","inLanguage":"fr-FR","@id":"https:\/\/fransbrood.com\/fr\/groups\/rosas\/#primaryimage","url":"https:\/\/fransbrood.com\/wp-content\/uploads\/2023\/08\/Anne-Teresa-De-Keersmaeker-portret-photo-by-Anne-Van-Aerschot_1.jpg","contentUrl":"https:\/\/fransbrood.com\/wp-content\/uploads\/2023\/08\/Anne-Teresa-De-Keersmaeker-portret-photo-by-Anne-Van-Aerschot_1.jpg","width":2677,"height":4024},{"@type":"BreadcrumbList","@id":"https:\/\/fransbrood.com\/fr\/groups\/rosas\/#breadcrumb","itemListElement":[{"@type":"ListItem","position":1,"name":"Home","item":"https:\/\/fransbrood.com\/fr\/"},{"@type":"ListItem","position":2,"name":"Groups","item":"https:\/\/fransbrood.com\/fr\/groups\/"},{"@type":"ListItem","position":3,"name":"Rosas"}]},{"@type":"WebSite","@id":"https:\/\/fransbrood.com\/fr\/#website","url":"https:\/\/fransbrood.com\/fr\/","name":"Frans Brood Productions","description":"","potentialAction":[{"@type":"SearchAction","target":{"@type":"EntryPoint","urlTemplate":"https:\/\/fransbrood.com\/fr\/?s={search_term_string}"},"query-input":{"@type":"PropertyValueSpecification","valueRequired":true,"valueName":"search_term_string"}}],"inLanguage":"fr-FR"}]}},"_links":{"self":[{"href":"https:\/\/fransbrood.com\/fr\/wp-json\/wp\/v2\/group\/12992","targetHints":{"allow":["GET"]}}],"collection":[{"href":"https:\/\/fransbrood.com\/fr\/wp-json\/wp\/v2\/group"}],"about":[{"href":"https:\/\/fransbrood.com\/fr\/wp-json\/wp\/v2\/types\/group"}],"version-history":[{"count":8,"href":"https:\/\/fransbrood.com\/fr\/wp-json\/wp\/v2\/group\/12992\/revisions"}],"predecessor-version":[{"id":18074,"href":"https:\/\/fransbrood.com\/fr\/wp-json\/wp\/v2\/group\/12992\/revisions\/18074"}],"wp:featuredmedia":[{"embeddable":true,"href":"https:\/\/fransbrood.com\/fr\/wp-json\/wp\/v2\/media\/17112"}],"wp:attachment":[{"href":"https:\/\/fransbrood.com\/fr\/wp-json\/wp\/v2\/media?parent=12992"}],"curies":[{"name":"wp","href":"https:\/\/api.w.org\/{rel}","templated":true}]}}

<p><em>Rosas</em>, compagnie de la chorégraphe et danseuse <strong>Anne Teresa De Keersmaeker</strong>, a été fondée en 1983 lors de la création de la pièce&nbsp;<em>Rosas danst Rosas</em>. Depuis ses débuts en 1982 avec&nbsp;<em>Fase, Four Movements to the Music of Steve Reich</em>, Anne Teresa De Keersmaeker est engagée dans une recherche rigoureuse sur le mouvement et ses articulations, en déployant un spectre qui va de la simplicité de l’épure aux organisations les plus complexes. Au coeur de son travail : la relation entre mouvement et musique. Le projet de Rosas est de conduire l&rsquo;art chorégraphique vers un acte d&rsquo;écriture du mouvement dans l&rsquo;espace et le temps, en y associant d&rsquo;autres forces de composition telles que la musique, la géométrie, les arts visuels ou textuels. La rencontre avec ces disciplines et leurs praticiens — musiciens, compositeurs, plasticiens, acteurs et écrivains — a donné lieu à d&rsquo;importantes collaborations qui ont balisé le chemin créatif de la compagnie.</p>



<p>Le&nbsp;travail de Rosas ne se limite pas à la création de nouveaux spectacles ; la compagnie cultive et fait tourner son répertoire — qui couvre une période de plus de trente années — et en assure l’enseignement. Ainsi les oeuvres de jeunesse d’Anne Teresa De Keersmaeker continuent-elles d&rsquo;être transmises à de nouvelles générations de danseurs et de publics. Avec une reconnaissance internationale acquise dès les premiers spectacles de la chorégraphe, Rosas incarne une présence forte et vitale dans le monde de la danse : au sein des répertoires d’autres compagnies, dans les programmations de théâtres, festivals, opéras,&nbsp;espaces d&rsquo;exposition, sans oublier un riche travail d’ateliers et de plates-formes pédagogiques. Le partenariat et le soutien du théâtre de La Monnaie/De Munt — où la compagnie a reçu accueil de 1992 à 2007 — ainsi que ceux du Kaaitheater, ont encouragé une présence intensive sur la scène bruxelloise. En complicité avec ces institutions, Rosas a initié de nombreux projets tels que P.A.R.T.S., Bal Moderne, WorkSpaceBrussels. Ces initiatives ont depuis lors évolué en organisations autonomes, laissant la place à de nouveaux projets dans les bâtiments de Rosas, tels que Dancingkids et RondOmdans.</p>



<p>Le site de Rosas à Bruxelles abrite une multiplicité d&rsquo;activités artistiques liées aux arts de la scène. Cet espace de travail, partagé dès sa création avec l’école P.A.R.T.S. et l&rsquo;ensemble de musique contemporaine Ictus, met aujourd’hui ses studios à disponibilité de WorkSpaceBrussels, aux participants des Summer Studios, ainsi qu’à de nombreux autres artistes ou compagnies qui viennent y travailler. Cette circulation artistique fait de Rosas une ressource essentielle de la vie artistique bruxelloise, qui permet les plus riches rencontres entre artistes confirmés et émergents.</p>



<figure class="wp-block-embed is-type-video is-provider-vimeo wp-block-embed-vimeo wp-embed-aspect-16-9 wp-has-aspect-ratio"><div class="wp-block-embed__wrapper">
<iframe loading="lazy" title="Video portrait of Anne Teresa De Keersmaeker’s career | Praemium Imperiale 2025" src="https://player.vimeo.com/video/1129853972?dnt=1&amp;app_id=122963" width="500" height="281" frameborder="0" allow="autoplay; fullscreen; picture-in-picture; clipboard-write; encrypted-media; web-share" referrerpolicy="strict-origin-when-cross-origin"></iframe>
</div></figure>



<p><em>Un portrait vidéo d’Anne Teresa De Keersmaeker à l’occasion de sa réception du Praemium Imperiale 2025 pour la catégorie Théâtre/Film, souvent considéré comme « Prix Nobel des Arts ».<br>Copyright: Sue Hudson /The Japan Art Association</em></p>



<p></p>

<!-- This site is optimized with the Yoast SEO plugin v27.5 - https://yoast.com/product/yoast-seo-wordpress/ -->
<title>Rosas - Frans Brood Productions</title>
<meta name="robots" content="index, follow, max-snippet:-1, max-image-preview:large, max-video-preview:-1" />
<link rel="canonical" href="https://fransbrood.com/fr/groups/rosas/" />
<meta property="og:locale" content="fr_FR" />
<meta property="og:type" content="article" />
<meta property="og:title" content="Rosas - Frans Brood Productions" />
<meta property="og:description" content="Rosas, compagnie de la chorégraphe et danseuse Anne Teresa De Keersmaeker, a été fondée en 1983 lors de la création de la pièce&nbsp;Rosas danst Rosas. Depuis ses débuts en 1982 avec&nbsp;Fase, Four Movements to the Music of Steve Reich, Anne Teresa De Keersmaeker est engagée dans une recherche rigoureuse sur le mouvement et ses articulations, &hellip; Suite" />
<meta property="og:url" content="https://fransbrood.com/fr/groups/rosas/" />
<meta property="og:site_name" content="Frans Brood Productions" />
<meta property="article:modified_time" content="2025-10-23T12:26:34+00:00" />
<meta property="og:image" content="https://fransbrood.com/wp-content/uploads/2023/08/Anne-Teresa-De-Keersmaeker-portret-photo-by-Anne-Van-Aerschot_1.jpg" />
	<meta property="og:image:width" content="2677" />
	<meta property="og:image:height" content="4024" />
	<meta property="og:image:type" content="image/jpeg" />
<meta name="twitter:card" content="summary_large_image" />
<meta name="twitter:label1" content="Durée de lecture estimée" />
	<meta name="twitter:data1" content="3 minutes" />
<script type="application/ld+json" class="yoast-schema-graph">{"@context":"https:\/\/schema.org","@graph":[{"@type":"WebPage","@id":"https:\/\/fransbrood.com\/fr\/groups\/rosas\/","url":"https:\/\/fransbrood.com\/fr\/groups\/rosas\/","name":"Rosas - Frans Brood Productions","isPartOf":{"@id":"https:\/\/fransbrood.com\/fr\/#website"},"primaryImageOfPage":{"@id":"https:\/\/fransbrood.com\/fr\/groups\/rosas\/#primaryimage"},"image":{"@id":"https:\/\/fransbrood.com\/fr\/groups\/rosas\/#primaryimage"},"thumbnailUrl":"https:\/\/fransbrood.com\/wp-content\/uploads\/2023\/08\/Anne-Teresa-De-Keersmaeker-portret-photo-by-Anne-Van-Aerschot_1.jpg","datePublished":"2023-08-28T07:22:37+00:00","dateModified":"2025-10-23T12:26:34+00:00","breadcrumb":{"@id":"https:\/\/fransbrood.com\/fr\/groups\/rosas\/#breadcrumb"},"inLanguage":"fr-FR","potentialAction":[{"@type":"ReadAction","target":["https:\/\/fransbrood.com\/fr\/groups\/rosas\/"]}]},{"@type":"ImageObject","inLanguage":"fr-FR","@id":"https:\/\/fransbrood.com\/fr\/groups\/rosas\/#primaryimage","url":"https:\/\/fransbrood.com\/wp-content\/uploads\/2023\/08\/Anne-Teresa-De-Keersmaeker-portret-photo-by-Anne-Van-Aerschot_1.jpg","contentUrl":"https:\/\/fransbrood.com\/wp-content\/uploads\/2023\/08\/Anne-Teresa-De-Keersmaeker-portret-photo-by-Anne-Van-Aerschot_1.jpg","width":2677,"height":4024},{"@type":"BreadcrumbList","@id":"https:\/\/fransbrood.com\/fr\/groups\/rosas\/#breadcrumb","itemListElement":[{"@type":"ListItem","position":1,"name":"Home","item":"https:\/\/fransbrood.com\/fr\/"},{"@type":"ListItem","position":2,"name":"Groups","item":"https:\/\/fransbrood.com\/fr\/groups\/"},{"@type":"ListItem","position":3,"name":"Rosas"}]},{"@type":"WebSite","@id":"https:\/\/fransbrood.com\/fr\/#website","url":"https:\/\/fransbrood.com\/fr\/","name":"Frans Brood Productions","description":"","potentialAction":[{"@type":"SearchAction","target":{"@type":"EntryPoint","urlTemplate":"https:\/\/fransbrood.com\/fr\/?s={search_term_string}"},"query-input":{"@type":"PropertyValueSpecification","valueRequired":true,"valueName":"search_term_string"}}],"inLanguage":"fr-FR"}]}</script>
<!-- / Yoast SEO plugin. -->

Rosas, compagnie de la chorégraphe et danseuse Anne Teresa De Keersmaeker, a été fondée en 1983 lors de la création de la pièce&nbsp;Rosas danst Rosas. Depuis ses débuts en 1982 avec&nbsp;Fase, Four Movements to the Music of Steve Reich, Anne Teresa De Keersmaeker est engagée dans une recherche rigoureuse sur le mouvement et ses articulations, &hellip; Suite
