{"id":13522,"date":"2023-10-24T09:36:47","date_gmt":"2023-10-24T07:36:47","guid":{"rendered":"https:\/\/fransbrood.com\/?post_type=production&#038;p=13522"},"modified":"2025-11-24T10:27:25","modified_gmt":"2025-11-24T09:27:25","slug":"il-cimento-dellarmonia-e-dellinventione","status":"publish","type":"production","link":"https:\/\/fransbrood.com\/fr\/productions\/il-cimento-dellarmonia-e-dellinventione\/","title":{"rendered":"Il Cimento dell\u2019Armonia e dell\u2019Inventione"},"content":{"rendered":"\n<p class=\"has-medium-font-size\"><strong>Anne Teresa De Keersmaeker, Radouan Mriziga, Amandine Beyer \/ Rosas, A7LA5, Gli Incogniti<\/strong><\/p>\n\n\n\n<p>Dans <em>Il Cimento dell\u2019Armonia e dell\u2019Inventione<\/em>, <strong>Anne Teresa De Keersmaeker et Radouan Mriziga<\/strong> se proposent d\u2019explorer <strong><em>Les Quatre Saisons<\/em> d\u2019Antonio Vivaldi<\/strong>. Ce nouveau spectacle chor\u00e9graphique a pour point de d\u00e9part la superbe version de l\u2019oeuvre de Vivaldi enregistr\u00e9e par <strong>la violoniste virtuose Amandine Beyer,<\/strong> collaboratrice de longue date de Rosas, et son ensemble Gli Incogniti.<\/p>\n\n\n\n<p><em>Les Quatre Saisons<\/em> comptent parmi les pi\u00e8ces musicales les plus embl\u00e9matiques, les plus connues et les plus jou\u00e9es au monde. Si l\u2019on prend en compte son statut de v\u00e9ritable \u00abtube\u00bb du r\u00e9pertoire classique, ce choix n\u2019est sans doute pas le plus \u00e9vident. L\u2019oeuvre de Vivaldi est aussi une remarquable <strong>ode \u00e0 la nature.<\/strong> La contemplation des quatre saisons \u00e0 travers la contemplation de la nature telle qu\u2019exprim\u00e9e par cette musique fait clairement jaillir \u00e0 la surface toute<strong> l\u2019urgence de cette crise<\/strong>. Quel sens donner \u00e0 cette cr\u00e9ation autour des quatre saisons \u00e0 une \u00e9poque o\u00f9 celles-ci subissent les cons\u00e9quences du changement climatique au point que la r\u00e9alit\u00e9 m\u00eame de quatre saisons distinctes menace de dispara\u00eetre ? Cela fait pr\u00e9cis\u00e9ment trois si\u00e8cles que Vivaldi composa cette musique, en M\u00e9diterran\u00e9e, une r\u00e9gion \u00e0 la crois\u00e9e de differents continents.<em> Les Quatre Saisons<\/em> invitent \u00e0 une r\u00e9flexion sur <strong>la dynamique g\u00e9opolitique<\/strong> de la r\u00e9gion et sur les \u00e9changes de connaissances, de pouvoir et d\u2019histoires qu\u2019elle symbolise.<\/p>\n\n\n\n<p><em>Il Cimento dell\u2019Armonia e dell\u2019Inventione<\/em> fait s\u2019entrelacer de multiples strates sous-jacentes pour faire \u00e9merger <strong>un langage chor\u00e9graphique unique<\/strong>. Ce spectacle revient \u00e0 l\u2019essentiel, \u00e0 la structure de la c\u00e9l\u00e8bre pi\u00e8ce de Vivaldi avec tout le spectre d\u2019associations et d\u2019\u00e9motions qu\u2019elle \u00e9voque, tout en cr\u00e9ant un contrepoint chor\u00e9graphique \u00e0 cet univers musical. La danse se repositionne en permanence face \u00e0 cette musique, laquelle en vient \u00e0 s\u2019apparenter \u00e0 la musique pop tant elle fait partie int\u00e9grante de notre m\u00e9moire collective occidentale. Dans le m\u00eame temps, elle met en lumi\u00e8re le caract\u00e8re contemplatif des <em>Quatre Saisons<\/em>, tant dans ce que cette pi\u00e8ce a de familier que dans ce que la nature a de familier. <\/p>\n\n\n\n<p><em>Outre cette version bas\u00e9e sur un enregistrement des Quatre Saisons, une version live sp\u00e9ciale sera \u00e9galement cr\u00e9\u00e9e.<\/em><\/p>\n\n\n\n<p><strong>Coproduction: <\/strong>De Munt\/La Monnaie (BE), Charleroi Danse (BE), Concertgebouw Brugge (BE), Festival de Marseille (FR), Berliner Festspiele (DE) et autres \u00e0 confirmer.<\/p>\n","protected":false},"featured_media":15496,"parent":0,"template":"","production_location":[39],"production_type":[45],"class_list":["post-13522","production","type-production","status-publish","has-post-thumbnail","hentry","production_location-lieu","production_type-danse"],"acf":[],"yoast_head":"<!-- This site is optimized with the Yoast SEO plugin v27.5 - https:\/\/yoast.com\/product\/yoast-seo-wordpress\/ -->\n<title>Il Cimento dell\u2019Armonia e dell\u2019Inventione - Frans Brood Productions<\/title>\n<meta name=\"robots\" content=\"index, follow, max-snippet:-1, max-image-preview:large, max-video-preview:-1\" \/>\n<link rel=\"canonical\" href=\"https:\/\/fransbrood.com\/fr\/productions\/il-cimento-dellarmonia-e-dellinventione\/\" \/>\n<meta property=\"og:locale\" content=\"fr_FR\" \/>\n<meta property=\"og:type\" content=\"article\" \/>\n<meta property=\"og:title\" content=\"Il Cimento dell\u2019Armonia e dell\u2019Inventione - Frans Brood Productions\" \/>\n<meta property=\"og:description\" content=\"Anne Teresa De Keersmaeker, Radouan Mriziga, Amandine Beyer \/ Rosas, A7LA5, Gli Incogniti Dans Il Cimento dell\u2019Armonia e dell\u2019Inventione, Anne Teresa De Keersmaeker et Radouan Mriziga se proposent d\u2019explorer Les Quatre Saisons d\u2019Antonio Vivaldi. Ce nouveau spectacle chor\u00e9graphique a pour point de d\u00e9part la superbe version de l\u2019oeuvre de Vivaldi enregistr\u00e9e par la violoniste virtuose &hellip; Suite\" \/>\n<meta property=\"og:url\" content=\"https:\/\/fransbrood.com\/fr\/productions\/il-cimento-dellarmonia-e-dellinventione\/\" \/>\n<meta property=\"og:site_name\" content=\"Frans Brood Productions\" \/>\n<meta property=\"article:modified_time\" content=\"2025-11-24T09:27:25+00:00\" \/>\n<meta property=\"og:image\" content=\"https:\/\/fransbrood.com\/wp-content\/uploads\/2023\/08\/Rosas-Il-Cimento-dellArmonia-e-dellInventione-Anne-Van-Aerschot-02-1920x1277.jpg\" \/>\n\t<meta property=\"og:image:width\" content=\"1920\" \/>\n\t<meta property=\"og:image:height\" content=\"1277\" \/>\n\t<meta property=\"og:image:type\" content=\"image\/jpeg\" \/>\n<meta name=\"twitter:card\" content=\"summary_large_image\" \/>\n<meta name=\"twitter:label1\" content=\"Dur\u00e9e de lecture estim\u00e9e\" \/>\n\t<meta name=\"twitter:data1\" content=\"3 minutes\" \/>\n<script type=\"application\/ld+json\" class=\"yoast-schema-graph\">{\"@context\":\"https:\\\/\\\/schema.org\",\"@graph\":[{\"@type\":\"WebPage\",\"@id\":\"https:\\\/\\\/fransbrood.com\\\/fr\\\/productions\\\/il-cimento-dellarmonia-e-dellinventione\\\/\",\"url\":\"https:\\\/\\\/fransbrood.com\\\/fr\\\/productions\\\/il-cimento-dellarmonia-e-dellinventione\\\/\",\"name\":\"Il Cimento dell\u2019Armonia e dell\u2019Inventione - Frans Brood Productions\",\"isPartOf\":{\"@id\":\"https:\\\/\\\/fransbrood.com\\\/fr\\\/#website\"},\"primaryImageOfPage\":{\"@id\":\"https:\\\/\\\/fransbrood.com\\\/fr\\\/productions\\\/il-cimento-dellarmonia-e-dellinventione\\\/#primaryimage\"},\"image\":{\"@id\":\"https:\\\/\\\/fransbrood.com\\\/fr\\\/productions\\\/il-cimento-dellarmonia-e-dellinventione\\\/#primaryimage\"},\"thumbnailUrl\":\"https:\\\/\\\/fransbrood.com\\\/wp-content\\\/uploads\\\/2023\\\/08\\\/Rosas-Il-Cimento-dellArmonia-e-dellInventione-Anne-Van-Aerschot-02.jpg\",\"datePublished\":\"2023-10-24T07:36:47+00:00\",\"dateModified\":\"2025-11-24T09:27:25+00:00\",\"breadcrumb\":{\"@id\":\"https:\\\/\\\/fransbrood.com\\\/fr\\\/productions\\\/il-cimento-dellarmonia-e-dellinventione\\\/#breadcrumb\"},\"inLanguage\":\"fr-FR\",\"potentialAction\":[{\"@type\":\"ReadAction\",\"target\":[\"https:\\\/\\\/fransbrood.com\\\/fr\\\/productions\\\/il-cimento-dellarmonia-e-dellinventione\\\/\"]}]},{\"@type\":\"ImageObject\",\"inLanguage\":\"fr-FR\",\"@id\":\"https:\\\/\\\/fransbrood.com\\\/fr\\\/productions\\\/il-cimento-dellarmonia-e-dellinventione\\\/#primaryimage\",\"url\":\"https:\\\/\\\/fransbrood.com\\\/wp-content\\\/uploads\\\/2023\\\/08\\\/Rosas-Il-Cimento-dellArmonia-e-dellInventione-Anne-Van-Aerschot-02.jpg\",\"contentUrl\":\"https:\\\/\\\/fransbrood.com\\\/wp-content\\\/uploads\\\/2023\\\/08\\\/Rosas-Il-Cimento-dellArmonia-e-dellInventione-Anne-Van-Aerschot-02.jpg\",\"width\":6048,\"height\":4024},{\"@type\":\"BreadcrumbList\",\"@id\":\"https:\\\/\\\/fransbrood.com\\\/fr\\\/productions\\\/il-cimento-dellarmonia-e-dellinventione\\\/#breadcrumb\",\"itemListElement\":[{\"@type\":\"ListItem\",\"position\":1,\"name\":\"Home\",\"item\":\"https:\\\/\\\/fransbrood.com\\\/fr\\\/\"},{\"@type\":\"ListItem\",\"position\":2,\"name\":\"Productions\",\"item\":\"https:\\\/\\\/fransbrood.com\\\/producties\\\/\"},{\"@type\":\"ListItem\",\"position\":3,\"name\":\"Il Cimento dell\u2019Armonia e dell\u2019Inventione\"}]},{\"@type\":\"WebSite\",\"@id\":\"https:\\\/\\\/fransbrood.com\\\/fr\\\/#website\",\"url\":\"https:\\\/\\\/fransbrood.com\\\/fr\\\/\",\"name\":\"Frans Brood Productions\",\"description\":\"\",\"potentialAction\":[{\"@type\":\"SearchAction\",\"target\":{\"@type\":\"EntryPoint\",\"urlTemplate\":\"https:\\\/\\\/fransbrood.com\\\/fr\\\/?s={search_term_string}\"},\"query-input\":{\"@type\":\"PropertyValueSpecification\",\"valueRequired\":true,\"valueName\":\"search_term_string\"}}],\"inLanguage\":\"fr-FR\"}]}<\/script>\n<!-- \/ Yoast SEO plugin. -->","yoast_head_json":{"title":"Il Cimento dell\u2019Armonia e dell\u2019Inventione - Frans Brood Productions","robots":{"index":"index","follow":"follow","max-snippet":"max-snippet:-1","max-image-preview":"max-image-preview:large","max-video-preview":"max-video-preview:-1"},"canonical":"https:\/\/fransbrood.com\/fr\/productions\/il-cimento-dellarmonia-e-dellinventione\/","og_locale":"fr_FR","og_type":"article","og_title":"Il Cimento dell\u2019Armonia e dell\u2019Inventione - Frans Brood Productions","og_description":"Anne Teresa De Keersmaeker, Radouan Mriziga, Amandine Beyer \/ Rosas, A7LA5, Gli Incogniti Dans Il Cimento dell\u2019Armonia e dell\u2019Inventione, Anne Teresa De Keersmaeker et Radouan Mriziga se proposent d\u2019explorer Les Quatre Saisons d\u2019Antonio Vivaldi. Ce nouveau spectacle chor\u00e9graphique a pour point de d\u00e9part la superbe version de l\u2019oeuvre de Vivaldi enregistr\u00e9e par la violoniste virtuose &hellip; Suite","og_url":"https:\/\/fransbrood.com\/fr\/productions\/il-cimento-dellarmonia-e-dellinventione\/","og_site_name":"Frans Brood Productions","article_modified_time":"2025-11-24T09:27:25+00:00","og_image":[{"width":1920,"height":1277,"url":"https:\/\/fransbrood.com\/wp-content\/uploads\/2023\/08\/Rosas-Il-Cimento-dellArmonia-e-dellInventione-Anne-Van-Aerschot-02-1920x1277.jpg","type":"image\/jpeg"}],"twitter_card":"summary_large_image","twitter_misc":{"Dur\u00e9e de lecture estim\u00e9e":"3 minutes"},"schema":{"@context":"https:\/\/schema.org","@graph":[{"@type":"WebPage","@id":"https:\/\/fransbrood.com\/fr\/productions\/il-cimento-dellarmonia-e-dellinventione\/","url":"https:\/\/fransbrood.com\/fr\/productions\/il-cimento-dellarmonia-e-dellinventione\/","name":"Il Cimento dell\u2019Armonia e dell\u2019Inventione - Frans Brood Productions","isPartOf":{"@id":"https:\/\/fransbrood.com\/fr\/#website"},"primaryImageOfPage":{"@id":"https:\/\/fransbrood.com\/fr\/productions\/il-cimento-dellarmonia-e-dellinventione\/#primaryimage"},"image":{"@id":"https:\/\/fransbrood.com\/fr\/productions\/il-cimento-dellarmonia-e-dellinventione\/#primaryimage"},"thumbnailUrl":"https:\/\/fransbrood.com\/wp-content\/uploads\/2023\/08\/Rosas-Il-Cimento-dellArmonia-e-dellInventione-Anne-Van-Aerschot-02.jpg","datePublished":"2023-10-24T07:36:47+00:00","dateModified":"2025-11-24T09:27:25+00:00","breadcrumb":{"@id":"https:\/\/fransbrood.com\/fr\/productions\/il-cimento-dellarmonia-e-dellinventione\/#breadcrumb"},"inLanguage":"fr-FR","potentialAction":[{"@type":"ReadAction","target":["https:\/\/fransbrood.com\/fr\/productions\/il-cimento-dellarmonia-e-dellinventione\/"]}]},{"@type":"ImageObject","inLanguage":"fr-FR","@id":"https:\/\/fransbrood.com\/fr\/productions\/il-cimento-dellarmonia-e-dellinventione\/#primaryimage","url":"https:\/\/fransbrood.com\/wp-content\/uploads\/2023\/08\/Rosas-Il-Cimento-dellArmonia-e-dellInventione-Anne-Van-Aerschot-02.jpg","contentUrl":"https:\/\/fransbrood.com\/wp-content\/uploads\/2023\/08\/Rosas-Il-Cimento-dellArmonia-e-dellInventione-Anne-Van-Aerschot-02.jpg","width":6048,"height":4024},{"@type":"BreadcrumbList","@id":"https:\/\/fransbrood.com\/fr\/productions\/il-cimento-dellarmonia-e-dellinventione\/#breadcrumb","itemListElement":[{"@type":"ListItem","position":1,"name":"Home","item":"https:\/\/fransbrood.com\/fr\/"},{"@type":"ListItem","position":2,"name":"Productions","item":"https:\/\/fransbrood.com\/producties\/"},{"@type":"ListItem","position":3,"name":"Il Cimento dell\u2019Armonia e dell\u2019Inventione"}]},{"@type":"WebSite","@id":"https:\/\/fransbrood.com\/fr\/#website","url":"https:\/\/fransbrood.com\/fr\/","name":"Frans Brood Productions","description":"","potentialAction":[{"@type":"SearchAction","target":{"@type":"EntryPoint","urlTemplate":"https:\/\/fransbrood.com\/fr\/?s={search_term_string}"},"query-input":{"@type":"PropertyValueSpecification","valueRequired":true,"valueName":"search_term_string"}}],"inLanguage":"fr-FR"}]}},"_links":{"self":[{"href":"https:\/\/fransbrood.com\/fr\/wp-json\/wp\/v2\/production\/13522","targetHints":{"allow":["GET"]}}],"collection":[{"href":"https:\/\/fransbrood.com\/fr\/wp-json\/wp\/v2\/production"}],"about":[{"href":"https:\/\/fransbrood.com\/fr\/wp-json\/wp\/v2\/types\/production"}],"version-history":[{"count":20,"href":"https:\/\/fransbrood.com\/fr\/wp-json\/wp\/v2\/production\/13522\/revisions"}],"predecessor-version":[{"id":14893,"href":"https:\/\/fransbrood.com\/fr\/wp-json\/wp\/v2\/production\/13522\/revisions\/14893"}],"wp:featuredmedia":[{"embeddable":true,"href":"https:\/\/fransbrood.com\/fr\/wp-json\/wp\/v2\/media\/15496"}],"wp:attachment":[{"href":"https:\/\/fransbrood.com\/fr\/wp-json\/wp\/v2\/media?parent=13522"}],"wp:term":[{"taxonomy":"production_location","embeddable":true,"href":"https:\/\/fransbrood.com\/fr\/wp-json\/wp\/v2\/production_location?post=13522"},{"taxonomy":"production_type","embeddable":true,"href":"https:\/\/fransbrood.com\/fr\/wp-json\/wp\/v2\/production_type?post=13522"}],"curies":[{"name":"wp","href":"https:\/\/api.w.org\/{rel}","templated":true}]}}

<p class="has-medium-font-size"><strong>Anne Teresa De Keersmaeker, Radouan Mriziga, Amandine Beyer / Rosas, A7LA5, Gli Incogniti</strong></p>



<p>Dans <em>Il Cimento dell’Armonia e dell’Inventione</em>, <strong>Anne Teresa De Keersmaeker et Radouan Mriziga</strong> se proposent d’explorer <strong><em>Les Quatre Saisons</em> d’Antonio Vivaldi</strong>. Ce nouveau spectacle chorégraphique a pour point de départ la superbe version de l’oeuvre de Vivaldi enregistrée par <strong>la violoniste virtuose Amandine Beyer,</strong> collaboratrice de longue date de Rosas, et son ensemble Gli Incogniti.</p>



<p><em>Les Quatre Saisons</em> comptent parmi les pièces musicales les plus emblématiques, les plus connues et les plus jouées au monde. Si l’on prend en compte son statut de véritable «tube» du répertoire classique, ce choix n’est sans doute pas le plus évident. L’oeuvre de Vivaldi est aussi une remarquable <strong>ode à la nature.</strong> La contemplation des quatre saisons à travers la contemplation de la nature telle qu’exprimée par cette musique fait clairement jaillir à la surface toute<strong> l’urgence de cette crise</strong>. Quel sens donner à cette création autour des quatre saisons à une époque où celles-ci subissent les conséquences du changement climatique au point que la réalité même de quatre saisons distinctes menace de disparaître ? Cela fait précisément trois siècles que Vivaldi composa cette musique, en Méditerranée, une région à la croisée de differents continents.<em> Les Quatre Saisons</em> invitent à une réflexion sur <strong>la dynamique géopolitique</strong> de la région et sur les échanges de connaissances, de pouvoir et d’histoires qu’elle symbolise.</p>



<p><em>Il Cimento dell’Armonia e dell’Inventione</em> fait s’entrelacer de multiples strates sous-jacentes pour faire émerger <strong>un langage chorégraphique unique</strong>. Ce spectacle revient à l’essentiel, à la structure de la célèbre pièce de Vivaldi avec tout le spectre d’associations et d’émotions qu’elle évoque, tout en créant un contrepoint chorégraphique à cet univers musical. La danse se repositionne en permanence face à cette musique, laquelle en vient à s’apparenter à la musique pop tant elle fait partie intégrante de notre mémoire collective occidentale. Dans le même temps, elle met en lumière le caractère contemplatif des <em>Quatre Saisons</em>, tant dans ce que cette pièce a de familier que dans ce que la nature a de familier. </p>



<p><em>Outre cette version basée sur un enregistrement des Quatre Saisons, une version live spéciale sera également créée.</em></p>



<p><strong>Coproduction: </strong>De Munt/La Monnaie (BE), Charleroi Danse (BE), Concertgebouw Brugge (BE), Festival de Marseille (FR), Berliner Festspiele (DE) et autres à confirmer.</p>

<!-- This site is optimized with the Yoast SEO plugin v27.5 - https://yoast.com/product/yoast-seo-wordpress/ -->
<title>Il Cimento dell’Armonia e dell’Inventione - Frans Brood Productions</title>
<meta name="robots" content="index, follow, max-snippet:-1, max-image-preview:large, max-video-preview:-1" />
<link rel="canonical" href="https://fransbrood.com/fr/productions/il-cimento-dellarmonia-e-dellinventione/" />
<meta property="og:locale" content="fr_FR" />
<meta property="og:type" content="article" />
<meta property="og:title" content="Il Cimento dell’Armonia e dell’Inventione - Frans Brood Productions" />
<meta property="og:description" content="Anne Teresa De Keersmaeker, Radouan Mriziga, Amandine Beyer / Rosas, A7LA5, Gli Incogniti Dans Il Cimento dell’Armonia e dell’Inventione, Anne Teresa De Keersmaeker et Radouan Mriziga se proposent d’explorer Les Quatre Saisons d’Antonio Vivaldi. Ce nouveau spectacle chorégraphique a pour point de départ la superbe version de l’oeuvre de Vivaldi enregistrée par la violoniste virtuose &hellip; Suite" />
<meta property="og:url" content="https://fransbrood.com/fr/productions/il-cimento-dellarmonia-e-dellinventione/" />
<meta property="og:site_name" content="Frans Brood Productions" />
<meta property="article:modified_time" content="2025-11-24T09:27:25+00:00" />
<meta property="og:image" content="https://fransbrood.com/wp-content/uploads/2023/08/Rosas-Il-Cimento-dellArmonia-e-dellInventione-Anne-Van-Aerschot-02-1920x1277.jpg" />
	<meta property="og:image:width" content="1920" />
	<meta property="og:image:height" content="1277" />
	<meta property="og:image:type" content="image/jpeg" />
<meta name="twitter:card" content="summary_large_image" />
<meta name="twitter:label1" content="Durée de lecture estimée" />
	<meta name="twitter:data1" content="3 minutes" />
<script type="application/ld+json" class="yoast-schema-graph">{"@context":"https:\/\/schema.org","@graph":[{"@type":"WebPage","@id":"https:\/\/fransbrood.com\/fr\/productions\/il-cimento-dellarmonia-e-dellinventione\/","url":"https:\/\/fransbrood.com\/fr\/productions\/il-cimento-dellarmonia-e-dellinventione\/","name":"Il Cimento dell’Armonia e dell’Inventione - Frans Brood Productions","isPartOf":{"@id":"https:\/\/fransbrood.com\/fr\/#website"},"primaryImageOfPage":{"@id":"https:\/\/fransbrood.com\/fr\/productions\/il-cimento-dellarmonia-e-dellinventione\/#primaryimage"},"image":{"@id":"https:\/\/fransbrood.com\/fr\/productions\/il-cimento-dellarmonia-e-dellinventione\/#primaryimage"},"thumbnailUrl":"https:\/\/fransbrood.com\/wp-content\/uploads\/2023\/08\/Rosas-Il-Cimento-dellArmonia-e-dellInventione-Anne-Van-Aerschot-02.jpg","datePublished":"2023-10-24T07:36:47+00:00","dateModified":"2025-11-24T09:27:25+00:00","breadcrumb":{"@id":"https:\/\/fransbrood.com\/fr\/productions\/il-cimento-dellarmonia-e-dellinventione\/#breadcrumb"},"inLanguage":"fr-FR","potentialAction":[{"@type":"ReadAction","target":["https:\/\/fransbrood.com\/fr\/productions\/il-cimento-dellarmonia-e-dellinventione\/"]}]},{"@type":"ImageObject","inLanguage":"fr-FR","@id":"https:\/\/fransbrood.com\/fr\/productions\/il-cimento-dellarmonia-e-dellinventione\/#primaryimage","url":"https:\/\/fransbrood.com\/wp-content\/uploads\/2023\/08\/Rosas-Il-Cimento-dellArmonia-e-dellInventione-Anne-Van-Aerschot-02.jpg","contentUrl":"https:\/\/fransbrood.com\/wp-content\/uploads\/2023\/08\/Rosas-Il-Cimento-dellArmonia-e-dellInventione-Anne-Van-Aerschot-02.jpg","width":6048,"height":4024},{"@type":"BreadcrumbList","@id":"https:\/\/fransbrood.com\/fr\/productions\/il-cimento-dellarmonia-e-dellinventione\/#breadcrumb","itemListElement":[{"@type":"ListItem","position":1,"name":"Home","item":"https:\/\/fransbrood.com\/fr\/"},{"@type":"ListItem","position":2,"name":"Productions","item":"https:\/\/fransbrood.com\/producties\/"},{"@type":"ListItem","position":3,"name":"Il Cimento dell’Armonia e dell’Inventione"}]},{"@type":"WebSite","@id":"https:\/\/fransbrood.com\/fr\/#website","url":"https:\/\/fransbrood.com\/fr\/","name":"Frans Brood Productions","description":"","potentialAction":[{"@type":"SearchAction","target":{"@type":"EntryPoint","urlTemplate":"https:\/\/fransbrood.com\/fr\/?s={search_term_string}"},"query-input":{"@type":"PropertyValueSpecification","valueRequired":true,"valueName":"search_term_string"}}],"inLanguage":"fr-FR"}]}</script>
<!-- / Yoast SEO plugin. -->

Anne Teresa De Keersmaeker, Radouan Mriziga, Amandine Beyer / Rosas, A7LA5, Gli Incogniti Dans Il Cimento dell’Armonia e dell’Inventione, Anne Teresa De Keersmaeker et Radouan Mriziga se proposent d’explorer Les Quatre Saisons d’Antonio Vivaldi. Ce nouveau spectacle chorégraphique a pour point de départ la superbe version de l’oeuvre de Vivaldi enregistrée par la violoniste virtuose &hellip; Suite
