{"id":15744,"date":"2024-06-04T14:09:37","date_gmt":"2024-06-04T12:09:37","guid":{"rendered":"https:\/\/fransbrood.com\/?post_type=production&#038;p=15744"},"modified":"2026-02-16T11:20:06","modified_gmt":"2026-02-16T10:20:06","slug":"rosas-danst-rosas","status":"publish","type":"production","link":"https:\/\/fransbrood.com\/fr\/productions\/rosas-danst-rosas\/","title":{"rendered":"Rosas danst Rosas"},"content":{"rendered":"\n<p class=\"has-medium-font-size\"><strong>Anne Teresa De Keersmaeker \/ Rosas<\/strong><\/p>\n\n\n\n<p>En 1983, Anne Teresa De Keersmaeker s\u2019imposait sur la sc\u00e8ne internationale avec\u00a0<em>Rosas danst Rosas<\/em>,\u00a0un spectacle devenu depuis lors une v\u00e9ritable r\u00e9f\u00e9rence dans l\u2019histoire de la\u00a0danse postmoderne.\u00a0<em>Rosas danst Rosas<\/em>\u00a0approfondit la veine minimaliste ouverte avec\u00a0<em>Fase<\/em>\u00a0(1982) : des mouvements abstraits constituent la base d\u2019un riche contrepoint\u00a0chor\u00e9graphique domin\u00e9 par la r\u00e9p\u00e9tition. La v\u00e9h\u00e9mence expressive de ces mouvements est contredite par la trivialit\u00e9 des petits gestes quotidiens.\u00a0Quatre danseuses \u00ab se dansent elles-m\u00eames \u00bb sans un seul instant de rel\u00e2che. Leur obstination \u2014 jusqu\u2019\u00e0 l\u2019\u00e9puisement \u2014 entre en contraste avec l\u2019impeccable structure formelle de la chor\u00e9graphie. Les boucles rythmiques de Thierry De Mey et Peter Vermeersch (une musique r\u00e9p\u00e9titive qu\u2019ils d\u00e9signaient\u00a0comme\u00a0<em>maximaliste<\/em>) ont \u00e9t\u00e9 compos\u00e9es durant le processus chor\u00e9graphique. <strong>Pour cette reprise,\u00a0<em>Rosas danst Rosas<\/em>\u00a0b\u00e9n\u00e9ficie d\u2019une jeune distribution enti\u00e8rement nouvelle.\u00a0<\/strong><\/p>\n\n\n\n<p><\/p>\n","protected":false},"featured_media":18243,"parent":0,"template":"","production_location":[39],"production_type":[45],"class_list":["post-15744","production","type-production","status-publish","has-post-thumbnail","hentry","production_location-lieu","production_type-danse"],"acf":[],"yoast_head":"<!-- This site is optimized with the Yoast SEO plugin v27.5 - https:\/\/yoast.com\/product\/yoast-seo-wordpress\/ -->\n<title>Rosas danst Rosas - Frans Brood Productions<\/title>\n<meta name=\"robots\" content=\"index, follow, max-snippet:-1, max-image-preview:large, max-video-preview:-1\" \/>\n<link rel=\"canonical\" href=\"https:\/\/fransbrood.com\/fr\/productions\/rosas-danst-rosas\/\" \/>\n<meta property=\"og:locale\" content=\"fr_FR\" \/>\n<meta property=\"og:type\" content=\"article\" \/>\n<meta property=\"og:title\" content=\"Rosas danst Rosas - Frans Brood Productions\" \/>\n<meta property=\"og:description\" content=\"Anne Teresa De Keersmaeker \/ Rosas En 1983, Anne Teresa De Keersmaeker s\u2019imposait sur la sc\u00e8ne internationale avec\u00a0Rosas danst Rosas,\u00a0un spectacle devenu depuis lors une v\u00e9ritable r\u00e9f\u00e9rence dans l\u2019histoire de la\u00a0danse postmoderne.\u00a0Rosas danst Rosas\u00a0approfondit la veine minimaliste ouverte avec\u00a0Fase\u00a0(1982) : des mouvements abstraits constituent la base d\u2019un riche contrepoint\u00a0chor\u00e9graphique domin\u00e9 par la r\u00e9p\u00e9tition. La v\u00e9h\u00e9mence &hellip; Suite\" \/>\n<meta property=\"og:url\" content=\"https:\/\/fransbrood.com\/fr\/productions\/rosas-danst-rosas\/\" \/>\n<meta property=\"og:site_name\" content=\"Frans Brood Productions\" \/>\n<meta property=\"article:modified_time\" content=\"2026-02-16T10:20:06+00:00\" \/>\n<meta property=\"og:image\" content=\"https:\/\/fransbrood.com\/wp-content\/uploads\/2024\/06\/rosas-rehearsals-rosas-danst-rosas-2026-c-anne-van-aerschot-rehearsalsrosas-danst-rosas2026anne-van-aerschot14jpg.jpg\" \/>\n\t<meta property=\"og:image:width\" content=\"1280\" \/>\n\t<meta property=\"og:image:height\" content=\"852\" \/>\n\t<meta property=\"og:image:type\" content=\"image\/jpeg\" \/>\n<meta name=\"twitter:card\" content=\"summary_large_image\" \/>\n<meta name=\"twitter:label1\" content=\"Dur\u00e9e de lecture estim\u00e9e\" \/>\n\t<meta name=\"twitter:data1\" content=\"1 minute\" \/>\n<script type=\"application\/ld+json\" class=\"yoast-schema-graph\">{\"@context\":\"https:\\\/\\\/schema.org\",\"@graph\":[{\"@type\":\"WebPage\",\"@id\":\"https:\\\/\\\/fransbrood.com\\\/fr\\\/productions\\\/rosas-danst-rosas\\\/\",\"url\":\"https:\\\/\\\/fransbrood.com\\\/fr\\\/productions\\\/rosas-danst-rosas\\\/\",\"name\":\"Rosas danst Rosas - Frans Brood Productions\",\"isPartOf\":{\"@id\":\"https:\\\/\\\/fransbrood.com\\\/fr\\\/#website\"},\"primaryImageOfPage\":{\"@id\":\"https:\\\/\\\/fransbrood.com\\\/fr\\\/productions\\\/rosas-danst-rosas\\\/#primaryimage\"},\"image\":{\"@id\":\"https:\\\/\\\/fransbrood.com\\\/fr\\\/productions\\\/rosas-danst-rosas\\\/#primaryimage\"},\"thumbnailUrl\":\"https:\\\/\\\/fransbrood.com\\\/wp-content\\\/uploads\\\/2024\\\/06\\\/rosas-rehearsals-rosas-danst-rosas-2026-c-anne-van-aerschot-rehearsalsrosas-danst-rosas2026anne-van-aerschot14jpg.jpg\",\"datePublished\":\"2024-06-04T12:09:37+00:00\",\"dateModified\":\"2026-02-16T10:20:06+00:00\",\"breadcrumb\":{\"@id\":\"https:\\\/\\\/fransbrood.com\\\/fr\\\/productions\\\/rosas-danst-rosas\\\/#breadcrumb\"},\"inLanguage\":\"fr-FR\",\"potentialAction\":[{\"@type\":\"ReadAction\",\"target\":[\"https:\\\/\\\/fransbrood.com\\\/fr\\\/productions\\\/rosas-danst-rosas\\\/\"]}]},{\"@type\":\"ImageObject\",\"inLanguage\":\"fr-FR\",\"@id\":\"https:\\\/\\\/fransbrood.com\\\/fr\\\/productions\\\/rosas-danst-rosas\\\/#primaryimage\",\"url\":\"https:\\\/\\\/fransbrood.com\\\/wp-content\\\/uploads\\\/2024\\\/06\\\/rosas-rehearsals-rosas-danst-rosas-2026-c-anne-van-aerschot-rehearsalsrosas-danst-rosas2026anne-van-aerschot14jpg.jpg\",\"contentUrl\":\"https:\\\/\\\/fransbrood.com\\\/wp-content\\\/uploads\\\/2024\\\/06\\\/rosas-rehearsals-rosas-danst-rosas-2026-c-anne-van-aerschot-rehearsalsrosas-danst-rosas2026anne-van-aerschot14jpg.jpg\",\"width\":1280,\"height\":852},{\"@type\":\"BreadcrumbList\",\"@id\":\"https:\\\/\\\/fransbrood.com\\\/fr\\\/productions\\\/rosas-danst-rosas\\\/#breadcrumb\",\"itemListElement\":[{\"@type\":\"ListItem\",\"position\":1,\"name\":\"Home\",\"item\":\"https:\\\/\\\/fransbrood.com\\\/fr\\\/\"},{\"@type\":\"ListItem\",\"position\":2,\"name\":\"Productions\",\"item\":\"https:\\\/\\\/fransbrood.com\\\/producties\\\/\"},{\"@type\":\"ListItem\",\"position\":3,\"name\":\"Rosas danst Rosas\"}]},{\"@type\":\"WebSite\",\"@id\":\"https:\\\/\\\/fransbrood.com\\\/fr\\\/#website\",\"url\":\"https:\\\/\\\/fransbrood.com\\\/fr\\\/\",\"name\":\"Frans Brood Productions\",\"description\":\"\",\"potentialAction\":[{\"@type\":\"SearchAction\",\"target\":{\"@type\":\"EntryPoint\",\"urlTemplate\":\"https:\\\/\\\/fransbrood.com\\\/fr\\\/?s={search_term_string}\"},\"query-input\":{\"@type\":\"PropertyValueSpecification\",\"valueRequired\":true,\"valueName\":\"search_term_string\"}}],\"inLanguage\":\"fr-FR\"}]}<\/script>\n<!-- \/ Yoast SEO plugin. -->","yoast_head_json":{"title":"Rosas danst Rosas - Frans Brood Productions","robots":{"index":"index","follow":"follow","max-snippet":"max-snippet:-1","max-image-preview":"max-image-preview:large","max-video-preview":"max-video-preview:-1"},"canonical":"https:\/\/fransbrood.com\/fr\/productions\/rosas-danst-rosas\/","og_locale":"fr_FR","og_type":"article","og_title":"Rosas danst Rosas - Frans Brood Productions","og_description":"Anne Teresa De Keersmaeker \/ Rosas En 1983, Anne Teresa De Keersmaeker s\u2019imposait sur la sc\u00e8ne internationale avec\u00a0Rosas danst Rosas,\u00a0un spectacle devenu depuis lors une v\u00e9ritable r\u00e9f\u00e9rence dans l\u2019histoire de la\u00a0danse postmoderne.\u00a0Rosas danst Rosas\u00a0approfondit la veine minimaliste ouverte avec\u00a0Fase\u00a0(1982) : des mouvements abstraits constituent la base d\u2019un riche contrepoint\u00a0chor\u00e9graphique domin\u00e9 par la r\u00e9p\u00e9tition. La v\u00e9h\u00e9mence &hellip; Suite","og_url":"https:\/\/fransbrood.com\/fr\/productions\/rosas-danst-rosas\/","og_site_name":"Frans Brood Productions","article_modified_time":"2026-02-16T10:20:06+00:00","og_image":[{"width":1280,"height":852,"url":"https:\/\/fransbrood.com\/wp-content\/uploads\/2024\/06\/rosas-rehearsals-rosas-danst-rosas-2026-c-anne-van-aerschot-rehearsalsrosas-danst-rosas2026anne-van-aerschot14jpg.jpg","type":"image\/jpeg"}],"twitter_card":"summary_large_image","twitter_misc":{"Dur\u00e9e de lecture estim\u00e9e":"1 minute"},"schema":{"@context":"https:\/\/schema.org","@graph":[{"@type":"WebPage","@id":"https:\/\/fransbrood.com\/fr\/productions\/rosas-danst-rosas\/","url":"https:\/\/fransbrood.com\/fr\/productions\/rosas-danst-rosas\/","name":"Rosas danst Rosas - Frans Brood Productions","isPartOf":{"@id":"https:\/\/fransbrood.com\/fr\/#website"},"primaryImageOfPage":{"@id":"https:\/\/fransbrood.com\/fr\/productions\/rosas-danst-rosas\/#primaryimage"},"image":{"@id":"https:\/\/fransbrood.com\/fr\/productions\/rosas-danst-rosas\/#primaryimage"},"thumbnailUrl":"https:\/\/fransbrood.com\/wp-content\/uploads\/2024\/06\/rosas-rehearsals-rosas-danst-rosas-2026-c-anne-van-aerschot-rehearsalsrosas-danst-rosas2026anne-van-aerschot14jpg.jpg","datePublished":"2024-06-04T12:09:37+00:00","dateModified":"2026-02-16T10:20:06+00:00","breadcrumb":{"@id":"https:\/\/fransbrood.com\/fr\/productions\/rosas-danst-rosas\/#breadcrumb"},"inLanguage":"fr-FR","potentialAction":[{"@type":"ReadAction","target":["https:\/\/fransbrood.com\/fr\/productions\/rosas-danst-rosas\/"]}]},{"@type":"ImageObject","inLanguage":"fr-FR","@id":"https:\/\/fransbrood.com\/fr\/productions\/rosas-danst-rosas\/#primaryimage","url":"https:\/\/fransbrood.com\/wp-content\/uploads\/2024\/06\/rosas-rehearsals-rosas-danst-rosas-2026-c-anne-van-aerschot-rehearsalsrosas-danst-rosas2026anne-van-aerschot14jpg.jpg","contentUrl":"https:\/\/fransbrood.com\/wp-content\/uploads\/2024\/06\/rosas-rehearsals-rosas-danst-rosas-2026-c-anne-van-aerschot-rehearsalsrosas-danst-rosas2026anne-van-aerschot14jpg.jpg","width":1280,"height":852},{"@type":"BreadcrumbList","@id":"https:\/\/fransbrood.com\/fr\/productions\/rosas-danst-rosas\/#breadcrumb","itemListElement":[{"@type":"ListItem","position":1,"name":"Home","item":"https:\/\/fransbrood.com\/fr\/"},{"@type":"ListItem","position":2,"name":"Productions","item":"https:\/\/fransbrood.com\/producties\/"},{"@type":"ListItem","position":3,"name":"Rosas danst Rosas"}]},{"@type":"WebSite","@id":"https:\/\/fransbrood.com\/fr\/#website","url":"https:\/\/fransbrood.com\/fr\/","name":"Frans Brood Productions","description":"","potentialAction":[{"@type":"SearchAction","target":{"@type":"EntryPoint","urlTemplate":"https:\/\/fransbrood.com\/fr\/?s={search_term_string}"},"query-input":{"@type":"PropertyValueSpecification","valueRequired":true,"valueName":"search_term_string"}}],"inLanguage":"fr-FR"}]}},"_links":{"self":[{"href":"https:\/\/fransbrood.com\/fr\/wp-json\/wp\/v2\/production\/15744","targetHints":{"allow":["GET"]}}],"collection":[{"href":"https:\/\/fransbrood.com\/fr\/wp-json\/wp\/v2\/production"}],"about":[{"href":"https:\/\/fransbrood.com\/fr\/wp-json\/wp\/v2\/types\/production"}],"version-history":[{"count":3,"href":"https:\/\/fransbrood.com\/fr\/wp-json\/wp\/v2\/production\/15744\/revisions"}],"predecessor-version":[{"id":16976,"href":"https:\/\/fransbrood.com\/fr\/wp-json\/wp\/v2\/production\/15744\/revisions\/16976"}],"wp:featuredmedia":[{"embeddable":true,"href":"https:\/\/fransbrood.com\/fr\/wp-json\/wp\/v2\/media\/18243"}],"wp:attachment":[{"href":"https:\/\/fransbrood.com\/fr\/wp-json\/wp\/v2\/media?parent=15744"}],"wp:term":[{"taxonomy":"production_location","embeddable":true,"href":"https:\/\/fransbrood.com\/fr\/wp-json\/wp\/v2\/production_location?post=15744"},{"taxonomy":"production_type","embeddable":true,"href":"https:\/\/fransbrood.com\/fr\/wp-json\/wp\/v2\/production_type?post=15744"}],"curies":[{"name":"wp","href":"https:\/\/api.w.org\/{rel}","templated":true}]}}

<p class="has-medium-font-size"><strong>Anne Teresa De Keersmaeker / Rosas</strong></p>



<p>En 1983, Anne Teresa De Keersmaeker s’imposait sur la scène internationale avec <em>Rosas danst Rosas</em>, un spectacle devenu depuis lors une véritable référence dans l’histoire de la danse postmoderne. <em>Rosas danst Rosas</em> approfondit la veine minimaliste ouverte avec <em>Fase</em> (1982) : des mouvements abstraits constituent la base d’un riche contrepoint chorégraphique dominé par la répétition. La véhémence expressive de ces mouvements est contredite par la trivialité des petits gestes quotidiens. Quatre danseuses « se dansent elles-mêmes » sans un seul instant de relâche. Leur obstination — jusqu’à l’épuisement — entre en contraste avec l’impeccable structure formelle de la chorégraphie. Les boucles rythmiques de Thierry De Mey et Peter Vermeersch (une musique répétitive qu’ils désignaient comme <em>maximaliste</em>) ont été composées durant le processus chorégraphique. <strong>Pour cette reprise, <em>Rosas danst Rosas</em> bénéficie d’une jeune distribution entièrement nouvelle. </strong></p>



<p></p>

<!-- This site is optimized with the Yoast SEO plugin v27.5 - https://yoast.com/product/yoast-seo-wordpress/ -->
<title>Rosas danst Rosas - Frans Brood Productions</title>
<meta name="robots" content="index, follow, max-snippet:-1, max-image-preview:large, max-video-preview:-1" />
<link rel="canonical" href="https://fransbrood.com/fr/productions/rosas-danst-rosas/" />
<meta property="og:locale" content="fr_FR" />
<meta property="og:type" content="article" />
<meta property="og:title" content="Rosas danst Rosas - Frans Brood Productions" />
<meta property="og:description" content="Anne Teresa De Keersmaeker / Rosas En 1983, Anne Teresa De Keersmaeker s’imposait sur la scène internationale avec Rosas danst Rosas, un spectacle devenu depuis lors une véritable référence dans l’histoire de la danse postmoderne. Rosas danst Rosas approfondit la veine minimaliste ouverte avec Fase (1982) : des mouvements abstraits constituent la base d’un riche contrepoint chorégraphique dominé par la répétition. La véhémence &hellip; Suite" />
<meta property="og:url" content="https://fransbrood.com/fr/productions/rosas-danst-rosas/" />
<meta property="og:site_name" content="Frans Brood Productions" />
<meta property="article:modified_time" content="2026-02-16T10:20:06+00:00" />
<meta property="og:image" content="https://fransbrood.com/wp-content/uploads/2024/06/rosas-rehearsals-rosas-danst-rosas-2026-c-anne-van-aerschot-rehearsalsrosas-danst-rosas2026anne-van-aerschot14jpg.jpg" />
	<meta property="og:image:width" content="1280" />
	<meta property="og:image:height" content="852" />
	<meta property="og:image:type" content="image/jpeg" />
<meta name="twitter:card" content="summary_large_image" />
<meta name="twitter:label1" content="Durée de lecture estimée" />
	<meta name="twitter:data1" content="1 minute" />
<script type="application/ld+json" class="yoast-schema-graph">{"@context":"https:\/\/schema.org","@graph":[{"@type":"WebPage","@id":"https:\/\/fransbrood.com\/fr\/productions\/rosas-danst-rosas\/","url":"https:\/\/fransbrood.com\/fr\/productions\/rosas-danst-rosas\/","name":"Rosas danst Rosas - Frans Brood Productions","isPartOf":{"@id":"https:\/\/fransbrood.com\/fr\/#website"},"primaryImageOfPage":{"@id":"https:\/\/fransbrood.com\/fr\/productions\/rosas-danst-rosas\/#primaryimage"},"image":{"@id":"https:\/\/fransbrood.com\/fr\/productions\/rosas-danst-rosas\/#primaryimage"},"thumbnailUrl":"https:\/\/fransbrood.com\/wp-content\/uploads\/2024\/06\/rosas-rehearsals-rosas-danst-rosas-2026-c-anne-van-aerschot-rehearsalsrosas-danst-rosas2026anne-van-aerschot14jpg.jpg","datePublished":"2024-06-04T12:09:37+00:00","dateModified":"2026-02-16T10:20:06+00:00","breadcrumb":{"@id":"https:\/\/fransbrood.com\/fr\/productions\/rosas-danst-rosas\/#breadcrumb"},"inLanguage":"fr-FR","potentialAction":[{"@type":"ReadAction","target":["https:\/\/fransbrood.com\/fr\/productions\/rosas-danst-rosas\/"]}]},{"@type":"ImageObject","inLanguage":"fr-FR","@id":"https:\/\/fransbrood.com\/fr\/productions\/rosas-danst-rosas\/#primaryimage","url":"https:\/\/fransbrood.com\/wp-content\/uploads\/2024\/06\/rosas-rehearsals-rosas-danst-rosas-2026-c-anne-van-aerschot-rehearsalsrosas-danst-rosas2026anne-van-aerschot14jpg.jpg","contentUrl":"https:\/\/fransbrood.com\/wp-content\/uploads\/2024\/06\/rosas-rehearsals-rosas-danst-rosas-2026-c-anne-van-aerschot-rehearsalsrosas-danst-rosas2026anne-van-aerschot14jpg.jpg","width":1280,"height":852},{"@type":"BreadcrumbList","@id":"https:\/\/fransbrood.com\/fr\/productions\/rosas-danst-rosas\/#breadcrumb","itemListElement":[{"@type":"ListItem","position":1,"name":"Home","item":"https:\/\/fransbrood.com\/fr\/"},{"@type":"ListItem","position":2,"name":"Productions","item":"https:\/\/fransbrood.com\/producties\/"},{"@type":"ListItem","position":3,"name":"Rosas danst Rosas"}]},{"@type":"WebSite","@id":"https:\/\/fransbrood.com\/fr\/#website","url":"https:\/\/fransbrood.com\/fr\/","name":"Frans Brood Productions","description":"","potentialAction":[{"@type":"SearchAction","target":{"@type":"EntryPoint","urlTemplate":"https:\/\/fransbrood.com\/fr\/?s={search_term_string}"},"query-input":{"@type":"PropertyValueSpecification","valueRequired":true,"valueName":"search_term_string"}}],"inLanguage":"fr-FR"}]}</script>
<!-- / Yoast SEO plugin. -->

Anne Teresa De Keersmaeker / Rosas En 1983, Anne Teresa De Keersmaeker s’imposait sur la scène internationale avec Rosas danst Rosas, un spectacle devenu depuis lors une véritable référence dans l’histoire de la danse postmoderne. Rosas danst Rosas approfondit la veine minimaliste ouverte avec Fase (1982) : des mouvements abstraits constituent la base d’un riche contrepoint chorégraphique dominé par la répétition. La véhémence &hellip; Suite
